igit of 1604660?
1
What is the hundreds digit of 803787?
7
What is the hundred thousands digit of 23722609?
7
What is the thousands digit of 123144?
3
What is the hundreds digit of 129915?
9
What is the tens digit of 274333?
3
What is the ten thousands digit of 59257?
5
What is the ten thousands digit of 10241823?
4
What is the tens digit of 1256059?
5
What is the units digit of 33368851?
1
What is the ten thousands digit of 1452845?
5
What is the millions digit of 1637555?
1
What is the hundreds digit of 20499258?
2
What is the thousands digit of 256728?
6
What is the ten millions digit of 10271899?
1
What is the hundred thousands digit of 116778?
1
What is the hundreds digit of 13089?
0
What is the hundred thousands digit of 2477121?
4
What is the thousands digit of 3413590?
3
What is the hundreds digit of 512887?
8
What is the units digit of 4764624?
4
What is the ten thousands digit of 1083752?
8
What is the units digit of 676748?
8
What is the thousands digit of 3377404?
7
What is the tens digit of 1588762?
6
What is the hundreds digit of 151957?
9
What is the thousands digit of 4657534?
7
What is the millions digit of 9221671?
9
What is the thousands digit of 264332?
4
What is the thousands digit of 1117741?
7
What is the hundred thousands digit of 448100?
4
What is the ten thousands digit of 291821?
9
What is the units digit of 240421?
1
What is the hundred thousands digit of 1523373?
5
What is the tens digit of 644602?
0
What is the ten thousands digit of 5207968?
0
What is the tens digit of 215621?
2
What is the units digit of 1594193?
3
What is the tens digit of 5355883?
8
What is the tens digit of 252006?
0
What is the units digit of 2536?
6
What is the units digit of 542356?
6
What is the ten thousands digit of 3993172?
9
What is the hundred thousands digit of 779256?
7
What is the tens digit of 2306056?
5
What is the tens digit of 850679?
7
What is the hundreds digit of 675284?
2
What is the tens digit of 333754?
5
What is the hundred thousands digit of 1942725?
9
What is the hundred thousands digit of 668428?
6
What is the units digit of 774300?
0
What is the tens digit of 40823?
2
What is the hundred thousands digit of 162074?
1
What is the thousands digit of 439622?
9
What is the hundreds digit of 547996?
9
What is the tens digit of 142980?
8
What is the units digit of 14659229?
9
What is the thousands digit of 4851148?
1
What is the millions digit of 1227512?
1
What is the ten thousands digit of 534974?
3
What is the hundreds digit of 1259325?
3
What is the tens digit of 1809995?
9
What is the hundreds digit of 2312717?
7
What is the thousands digit of 234998?
4
What is the millions digit of 5890360?
5
What is the ten thousands digit of 99606?
9
What is the hundreds digit of 2361278?
2
What is the units digit of 297685?
5
What is the hundreds digit of 362271?
2
What is the units digit of 4553020?
0
What is the hundreds digit of 2074028?
0
What is the hundred thousands digit of 219670?
2
What is the hundreds digit of 229417?
4
What is the hundreds digit of 25302599?
5
What is the hundred thousands digit of 10400467?
4
What is the millions digit of 13558832?
3
What is the thousands digit of 255060?
5
What is the hundred thousands digit of 1615073?
6
What is the units digit of 3714350?
0
What is the hundred thousands digit of 222168?
2
What is the hundred thousands digit of 105111?
1
What is the thousands digit of 2043937?
3
What is the hundred thousands digit of 930002?
9
What is the tens digit of 258256?
5
What is the thousands digit of 9387896?
7
What is the units digit of 46534?
4
What is the millions digit of 1140635?
1
What is the tens digit of 1763840?
4
What is the ten thousands digit of 815101?
1
What is the millions digit of 1520119?
1
What is the tens digit of 139812?
1
What is the thousands digit of 5668048?
8
What is the millions digit of 2163905?
2
What is the hundreds digit of 329356?
3
What is the thousands digit of 85029?
5
What is the hundreds digit of 2500823?
8
What is the hundreds digit of 171486?
4
What is the millions digit of 5656086?
5
What is the thousands digit of 1416245?
6
What is the hundred thousands digit of 9681055?
6
What is the ten thousands digit of 1323441?
2
What is the units digit of 112118?
8
What is the hundred thousands digit of 213614?
2
What is the ten thousands digit of 1623082?
2
What is the ten thousands digit of 217902?
1
What is the thousands digit of 994523?
4
What is the hundreds digit of 3839074?
0
What is the millions digit of 3911251?
3
What is the millions digit of 1992810?
1
What is the tens digit of 204856?
5
What is the tens digit of 1724618?
1
What is the units digit of 45236?
6
What is the thousands digit of 447776?
7
What is the units digit of 2803670?
0
What is the hundreds digit of 69354?
3
What is the units digit of 1819653?
3
What is the hundreds digit of 3252271?
2
What is the millions digit of 1984472?
1
What is the units digit of 357517?
7
What is the thousands digit of 1159148?
9
What is the millions digit of 11400787?
1
What is the thousands digit of 159855?
9
What is the ten thousands digit of 738803?
3
What is the units digit of 227209?
9
What is the tens digit of 342132?
3
What is the thousands digit of 14910367?
0
What is the tens digit of 16343166?
6
What is the tens digit of 7400704?
0
What is the units digit of 616422?
2
What is the units digit of 7413123?
3
What is the hundred thousands digit of 751127?
7
What is the hundred thousands digit of 19006187?
0
What is the hundreds digit of 1022435?
4
What is the ten thousands digit of 8695660?
9
What is the tens digit of 1904089?
8
What is the tens digit of 3425557?
5
What is the hundred thousands digit of 195685?
1
What is the ten thousands digit of 1504286?
0
What is the ten thousands digit of 1719492?
1
What is the thousands digit of 6463290?
3
What is the hundreds digit of 13750?
7
What is the units digit of 555536?
6
What is the hundred thousands digit of 5747033?
7
What is the thousands digit of 1940500?
0
What is the hundred thousands digit of 5013647?
0
What is the hundred thousands digit of 4516829?
5
What is the thousands digit of 500126?
0
What is the thousands digit of 12181136?
1
What is the ten millions digit of 36514049?
3
What is the ten thousands digit of 1580475?
8
What is the hundreds digit of 38277?
2
What is the thousands digit of 132243?
2
What is the hundred thousands digit of 1012398?
0
What is the tens digit of 192109?
0
What is the units digit of 9303319?
9
What is the thousands digit of 354698?
4
What is the units digit of 1877716?
6
What is the hundred thousands digit of 1717322?
7
What is the millions digit of 11211393?
1
What is the units digit of 642918?
8
What is the ten thousands digit of 82705?
8
What is the tens digit of 175657?
5
What is the hundred thousands digit of 6777198?
7
What is the units digit of 618873?
3
What is the hundreds digit of 603808?
8
What is the units digit of 574846?
6
What is the units digit of 2619277?
7
What is the hundred thousands digit of 2539541?
5
What is the units digit of 918076?
6
What is the hundred thousands digit of 14894253?
8
What is the hundred thousands digit of 427820?
4
What is the ten thousands digit of 196039?
9
What is the millions digit of 1025576?
1
What is the hundred thousands digit of 1119418?
1
What is the units digit of 22112254?
4
What is the hundred thousands digit of 160161?
1
What is the thousands digit of 1535921?
5
What is the hundred thousands digit of 7024466?
0
What is the units digit of 5215666?
6
What is the hundreds digit of 33868?
8
What is the thousands digit of 676743?
6
What is the thousands digit of 636043?
6
What is the tens digit of 164109?
0
What is the hundreds digit of 7985647?
6
What is the thousands digit of 1085863?
5
What is the hundred thousands digit of 17427898?
4
What is the hundreds digit of 272174?
1
What is the thousands digit of 11526?
1
What is the thousands digit of 2411470?
1
What is the thousands digit of 2012457?
2
What is the hundreds digit of 33016?
0
What is the tens digit of 203883?
8
What is the units digit of 218213?
3
What is the millions digit of 3451036?
3
What is the ten thousands digit of 216163?
1
What is the millions digit of 5012268?
5
What is the ten thousands dig